 Let k be (12/(-14))/(l/154). List the prime factors of a(k).
103
Let m(s) = 12*s**2 - 6*s + 4. Let n = 24 + -22. Let p be m(n). Suppose 46*d - 47*d + p = 0. What are the prime factors of d?
2, 5
Suppose -36 = -j - 5*y, 6*y - 20 = y. Let c = 4 - j. List the prime factors of 3/c + 194*1/8.
2, 3
Let h = -185 - -343. Let o = h + -3. List the prime factors of o.
5, 31
Let r(f) = -f**3 + 27*f**2 + 22*f + 24. Let c be r(24). Suppose -c = -2*v - 3*n + 630, 0 = 3*n - 12. List the prime factors of v.
3, 7, 23
Let g(i) be the first derivative of 205*i**2/2 - 165*i - 287. List the prime factors of g(4).
5, 131
Let x(g) = -g**3 + 12*g**2 + 2*g - 21. Let j be x(12). Suppose 0 = b - j*p - 198, -2*b - 10*p + 13*p = -393. List the prime factors of b.
3, 5, 13
Let o = -454 + 1401. Let x = o - 628. What are the prime factors of x?
11, 29
Suppose -28*d - 3*d + 124 = 0. Suppose -t + 1415 = -5*a, -3*t - 8*a = -d*a - 4302. What are the prime factors of t?
2, 5, 11, 13
What are the prime factors of ((-12)/(-21) - -2)/((-1432330)/55090 + 26)?
2, 3, 787
Let h(p) = p**3 + p**2 - 2*p - 2. Let j(o) = -2*o**2 + 26*o + 28. Let l(f) = 5*h(f) + j(f). What are the prime factors of l(5)?
2, 3, 7, 19
Let t(p) = 54*p - 1. Let w(a) = -a - 2. Let n(q) = t(q) - 3*w(q). What are the prime factors of n(6)?
347
Let v = 26348 + -12543. What are the prime factors of v?
5, 11, 251
Suppose 42*i - 47*i = 0. Suppose 4*h + 2*f - 141 - 947 = i, 5*h - 1378 = 2*f. Suppose -2*o = 5*q - h, 0 = -0*q + 2*q. List the prime factors of o.
137
Suppose 5*z - 177840 = -4*b, -152*b + 3*z + 222337 = -147*b. List the prime factors of b.
5, 8893
Let x(j) = 527*j**2 - 2*j + 3. Let w be (4/(-20) + 0)*(-3 - 2). List the prime factors of x(w).
2, 3, 11
Suppose z = b - 3*z - 2466, b + 2*z = 2448. Suppose 212*c - 206*c - b = 0. What are the prime factors of c?
409
Suppose 5*x + 3*p - 59244 = 0, -8001 = -x + 4*p + 3834. What are the prime factors of x?
3, 11, 359
Suppose -6 = -j + 3*x, -2*j + 28 = 4*x - 6*x. Suppose j*m = 31*m - 9490. What are the prime factors of m?
2, 5, 73
Let l(r) be the second derivative of -2*r**3/3 + 12*r**2 - 4*r. Let u be l(5). Suppose d - u*q + 1 = 12, d - 13 = 2*q. What are the prime factors of d?
3, 5
Let q = 107107 + -72210. What are the prime factors of q?
34897
What are the prime factors of (-2)/10 + (-83313780)/(-1650)?
3, 16831
Let c = -9 + 20. Let l = c + -9. Suppose -7*s + 4*s = l*h - 148, s - 357 = -5*h. List the prime factors of h.
71
Suppose -18324 = -3*s + 4*y, -15*s + 17*s - 2*y = 12218. What are the prime factors of s?
2, 191
Suppose 2*f + 2*f = -4, 0 = 2*t + 4*f - 15968. What are the prime factors of t?
2, 3, 11
Suppose 13*l - 30 = 35. What are the prime factors of (-565)/(-10) + l/(50/15)?
2, 29
Suppose 5*b = 3*t + 185, t - 45 = -b - 0*t. Suppose -4*d + 8*d = b. Suppose -18 - d = -v. What are the prime factors of v?
2, 7
Suppose 2*t + 12 - 20 = 0. Suppose 0 = -2*p + t. Suppose 0 = p*f - 302. What are the prime factors of f?
151
List the prime factors of 632*(91 - (12 - 7)).
2, 43, 79
Let p = -26427 - -38958. What are the prime factors of p?
3, 4177
List the prime factors of (1 - 1) + ((-26)/(-13) - 9190)*-2.
2, 2297
Suppose 7*h + 42 = 175. Let q = -15 + h. Suppose -l = 4*c - 5*l - 24, -c = q*l - 1. List the prime factors of c.
5
Let z = 45 - 43. Let o be (4 + -7)/(1/(-3)). Suppose z*k = 13 + o. What are the prime factors of k?
11
Let z(r) be the second derivative of r**5/20 - 7*r**4/12 - r**3/3 + 13*r**2/2 + r. Suppose 12 = 77*c - 76*c - 4*a, 2 = -2*a. List the prime factors of z(c).
61
Let n(r) = -6*r**3 - r**2 + 4*r + 9. Let y(o) = 12*o**3 + 3*o**2 - 6*o - 18. Let c(i) = -5*n(i) - 3*y(i). List the prime factors of c(-4).
337
Let a be (0 + 94)/(-1)*-8. Suppose 0 = 17*z - z - a. Suppose 42*t = z*t - 930. What are the prime factors of t?
2, 3, 31
List the prime factors of (20160/12)/(4/32).
2, 3, 5, 7
Suppose 126*d = -15*d + 22560. List the prime factors of d.
2, 5
Let m = 35 + -32. Suppose a = -m*u - u + 16, -a = 0. Suppose 1112 = 12*g - u*g. List the prime factors of g.
139
Suppose -22290 = 233*o - 234*o + 4*b, o - 3*b = 22293. List the prime factors of o.
2, 3, 7, 59
Suppose -4*d - 4*f = -2576, 231 + 1063 = 2*d + 5*f. Suppose 37*o + d = 40*o. Suppose -4*w - 46 + o = 0. List the prime factors of w.
2, 3, 7
Suppose 19740264 = 451*w - 43*w. List the prime factors of w.
48383
Let l = -395 + 211. Let p = l + 128. What are the prime factors of (160/p)/((-6)/63)?
2, 3, 5
Let p = 6 - -8. Let k = p + -27. Let l(c) = c + 18. List the prime factors of l(k).
5
Let f = -7 - -6748. List the prime factors of f.
3, 7, 107
Let k(c) = -11*c + 93. Let j be k(8). Suppose 0*i + 4*m = j*i - 1399, 2*i - 5*m = 546. List the prime factors of i.
283
Suppose -8463*d = -8440*d - 843410. List the prime factors of d.
2, 5, 19, 193
Let j(d) = 2*d**3 - d**2 + 1. Let l be j(-1). Let r be l*69/6 + 3. Let p = r - -42. What are the prime factors of p?
2, 11
Suppose -67 + 372 = 5*w. Let n = w + -52. Suppose -6*f - 438 = -n*f. List the prime factors of f.
2, 73
Let q = 112 - 61. Let g = 129 - 68. Let t = q + g. List the prime factors of t.
2, 7
Suppose 0 = 2*p - 5 - 1. Let o be 2*p/2 - -152. Let x = o - 80. List the prime factors of x.
3, 5
Suppose -g + 2 = -1. Suppose -g*y = 11 - 17. Suppose -353 - 104 = -4*u + 5*l, y*l = 4*u - 454. List the prime factors of u.
113
Let o(q) = -2*q**2 + 219*q + 22. List the prime factors of o(28).
2, 2293
Let g(v) = 52*v**3 - 2*v**2 + 3*v + 6. Let k be g(-1). What are the prime factors of 58/(-4)*12/18*k?
17, 29
Suppose -44*k - 2180 = -54*k. Suppose -2*t = -154 - k. List the prime factors of t.
2, 3, 31
List the prime factors of (-13210848)/(-432)*9/6.
7, 6553
Suppose -5*q + 2274 = p, 8*p - 2282 = 7*p + 3*q. List the prime factors of p.
43, 53
Let d = 6 + -3. Suppose -905*m + 956 = -901*m. Suppose -3*r + m = 4*h - 215, 2*r = -d*h + 340. What are the prime factors of h?
2, 7
Let j be 44382/(-90) + 4/30. Let a = j - -654. What are the prime factors of a?
7, 23
Let b = -7306 + 15702. List the prime factors of b.
2, 2099
Suppose 353*n - 351*n + 278 = 0. Let g = n + 210. List the prime factors of g.
71
Let i = -7970 + 14593. List the prime factors of i.
37, 179
Suppose 4 = -3*o + 1, -4*k = -3*o - 7. Suppose -79 = -4*y + k. Suppose -y = -2*g + 282. What are the prime factors of g?
151
Suppose 9*c - 107323 = -64654 + 317322. What are the prime factors of c?
3, 67, 199
Suppose -2*l - 13 + 23 = 0. Suppose -4*z = -9*z - 5*w, 0 = -l*z + 3*w + 40. Suppose -152 = -z*n + 4*n. List the prime factors of n.
2, 19
Suppose 15 = -5*x, 4*j = -0*j - 3*x + 247. Suppose 4*b - 115 - 353 = 0. List the prime factors of (-16)/j + b/4.
29
Suppose 2*r - 137245 = 5*i, -426*r + 3*i = -422*r - 274539. What are the prime factors of r?
2, 3, 5, 11, 13
What are the prime factors of (-1)/11 + 313349/1243?
2, 3, 7
Suppose -4*h = -6*h - 6. Let i be h/(-9) + (-948)/(-18). Let t = i + -48. What are the prime factors of t?
5
Suppose 11*r + 144*r - 326738 = 808637. What are the prime factors of r?
5, 293
Let x = 68468 - 29882. What are the prime factors of x?
2, 3, 59, 109
Let m(k) = 19698*k**2 + 237*k - 241. List the prime factors of m(1).
2, 43, 229
Suppose 25*c = 18*c + 84. Suppose 32 = -10*s + c*s. Suppose -4*v + 828 = s. List the prime factors of v.
7, 29
Suppose 0*q - 5*m - 12 = -3*q, -5*q - 3*m = -20. Suppose 5*r - q*n - 1804 = -2*n, -r - 3*n + 371 = 0. List the prime factors of r.
2, 181
Let h = 13594 + -4166. List the prime factors of h.
2, 2357
Let u(f) = 9*f**3 + 46*f**2 - 340*f - 6. List the prime factors of u(11).
13799
What are the prime factors of -5*(6 + (-4748)/(-2))*-2?
2, 5, 7, 17
Suppose 59*j - 103*j - 214734 = -57*j. List the prime factors of j.
2, 3, 2753
Let g = -943 + 7257. List the prime factors of g.
2, 7, 11, 41
Suppose 0 = 5*m - 2*l - 164, 6*m - l = 7*m - 30. Suppose -4*s = -4*j + m, -4*j = j - 4*s - 36. What are the prime factors of (-126)/(-40)*4 + j/10?
13
Let y = -57 - -57. Let i(l) = -2*l - 14. Let d be i(-9). Suppose y*g = d*g - 72. What are the prime factors of g?
2, 3
List the prime factors of (-9)/(-27) - 176*214/(-12).
43, 73
Suppose 3*d = 3*u - 41988, -5*d + 0*d + 14002 = u. List the prime factors of u.
13997
Let a = 91040 + -47701. What are the prime factors of a?
19, 228